the highest common divisor of n and p.
11
Suppose -3*a - 39 = -m + 17, -2*a = -6. What is the highest common factor of 26 and m?
13
Suppose 2*w = -2*w - 16. Let c = 0 - w. What is the highest common divisor of 20 and c?
4
Let g be (-3 - (-10)/4)*(-340)/2. Calculate the greatest common divisor of g and 34.
17
Let w(r) = -78*r + 1. Let q be w(1). Let i = 47 + q. Let a = -6 - i. What is the highest common factor of 36 and a?
12
Suppose 0*x + 55 = 5*x. Suppose -3*t + 2*i - 5 = 0, -t = -0*t - 3*i + x. Let j be 3/t + (1 - -31). Calculate the highest common factor of 14 and j.
7
Let w = -36 + 52. Let o(h) = 17*h + 9. Let k be o(7). What is the highest common factor of w and k?
16
Let l be (128/40)/((-1)/(-15)). What is the greatest common factor of l and 6?
6
Suppose -4*o + 5*i + 77 = 0, -3*o - 33 = -4*o + 4*i. Let m = o - 8. Suppose -4*d - 8 = 4*p, 0*p - p + 7 = -2*d. Calculate the highest common factor of p and m.
1
Suppose 2*o + 0*i = 5*i + 37, -3*o + i = -75. Suppose -4*u - 6 = -o. Suppose -2*h + 214 = m + m, u*h + 25 = 0. What is the highest common divisor of m and 16?
16
Let r be ((-5)/(-4))/((-1)/(-8)). What is the highest common factor of 30 and r?
10
Let w = 124 - 109. Let b be -9*2/4*-10. Calculate the greatest common divisor of w and b.
15
Let u(t) = -t**3 + 10*t**2 + 10*t + 20. Let g be u(11). What is the greatest common factor of 99 and g?
9
Let z(a) be the first derivative of a**4/4 + 3*a**3 + 7*a**2/2 + a + 8. Let h be z(-5). Calculate the greatest common factor of 6 and h.
6
Let v = 287 + -247. Suppose u - 12 = -4. Calculate the highest common factor of v and u.
8
Let s(b) = b**3 - 5*b**2 - 5*b + 8. Let k be -1 - (3 - (-40)/(-4)). Let z be s(k). Calculate the highest common factor of z and 154.
14
Let d = -164 - -364. What is the highest common factor of 20 and d?
20
Suppose 3*f + 45 = -3*t + 7*t, 3*t = -3*f + 18. Calculate the highest common divisor of t and 81.
9
Let d be 30/(-1 - 44/(-32)). Calculate the greatest common factor of 32 and d.
16
Suppose -3*z + 5*n + 50 = 0, -n + 4*n = 3*z - 54. What is the highest common divisor of 4 and z?
4
Let n(m) = 60*m - 3. Let g be n(5). What is the greatest common divisor of g and 27?
27
Suppose 0*j - 3*j + 14 = t, 4*j = -5*t + 37. Suppose 0 = 5*u + t*s - s - 112, 0 = -3*u - 5*s + 62. What is the highest common divisor of 6 and u?
6
Let w be 24 - (2 - -2 - 8). What is the highest common divisor of 14 and w?
14
Suppose 0 = -3*c - 2*c + 80. What is the highest common factor of c and 24?
8
Suppose -2*b = -8, 0*b - 5*b + 230 = 5*c. Suppose j - 27 = 2*d, 0*j + 5*d = j - c. Calculate the highest common divisor of 187 and j.
17
Let s be 8/44 + (-13)/11 - -41. What is the greatest common factor of s and 8?
8
Let d be 1 + 1/1 + 6. Suppose 4*z - 2*z + 16 = 0. Let y(a) = 2*a**2 + 5*a. Let c be y(z). Calculate the greatest common factor of d and c.
8
Let v(i) be the second derivative of -i**3/6 + 2*i. Let l be v(-5). Suppose -l*g + 37 = -2*o, 4 = -4*o - 0. What is the highest common divisor of 63 and g?
7
Let f(s) = -s**2 - 7*s - 6. Let q be f(-6). Let v = 49 - q. Calculate the greatest common divisor of 7 and v.
7
Let s(h) = h**3 + 6*h**2 + 2*h + 3. Let g be s(-4). What is the highest common factor of g and 9?
9
Let d = 48 - -15. What is the greatest common factor of d and 7?
7
Suppose 6*j - 44 = -32. Suppose -2*u + 2 = -u. Suppose -4 = 4*p - 4*q, u*p + 14 = -0*q + 5*q. Calculate the greatest common divisor of j and p.
1
Let o = 5 - 1. Let a = 5 - o. Let q be ((-6)/(-1) + 1)/a. Calculate the highest common divisor of 56 and q.
7
Suppose w = 5*m - 19, -2*w + 5 = -m - 4*w. What is the greatest common divisor of m and 9?
3
Suppose -5*k + 3*k - 3*w = -18, 3*k - w = 27. What is the highest common factor of k and 9?
9
Let c = -20 - -52. Suppose c = 3*n + n. Calculate the greatest common divisor of n and 8.
8
Let o be (-4)/(-24) + 250/12. What is the greatest common divisor of 84 and o?
21
Let p be 2/(2/4 + 0). Calculate the greatest common divisor of 4 and p.
4
Let i(s) = -3*s + 8. Let p be i(4). Let x be -1 + (p/(-1) - -151). Suppose -3*l + 28 = -l. What is the highest common divisor of x and l?
14
Suppose -4*r + 164 = -0*r - 2*d, 0 = 3*r + 2*d - 116. What is the greatest common divisor of 8 and r?
8
Let j(x) be the first derivative of 7*x**4/4 + 2*x**3/3 + x**2/2 - x - 2. Let s be j(2). What is the highest common divisor of s and 13?
13
Let g be (8/(-6))/((-1)/3). Suppose 2*i = g*i - 14. Let s be 1*(1 + i + -3). Calculate the highest common factor of s and 5.
5
Let i(a) = -3*a**3 + 2*a**2 - 1. Let d(q) = q**2 + 5*q + 5. Let v be d(-3). Let s be i(v). What is the greatest common divisor of s and 4?
4
Suppose -2*s - 5*x + 34 = 0, 5*x + 9 = s - 8. Suppose -5*k = h - 31, 5*k - h = 25 + 4. Suppose k*l = l + 425. Calculate the greatest common divisor of s and l.
17
Suppose t - 11 = -w, -2*w - 3*t = -8 - 15. Suppose -w*s - 50 = -12*s. Let f be (10/(-2))/((-1)/2). Calculate the highest common factor of s and f.
5
Let l = -22 + 37. Calculate the greatest common factor of l and 105.
15
Let a(x) = -2*x - 1. Let k be a(-6). Let w be 1436/12 - 2/(-6). Let o = w + -32. Calculate the highest common factor of o and k.
11
Let q(t) = t**3 + 8*t**2 - 19*t + 14. Let f be q(-10). Suppose -f*n + 33 = -15. Calculate the greatest common factor of 48 and n.
12
Let z be 1 - -64 - (2 - 2). Suppose -103 - z = -3*a. Suppose 2*o - 6*o = -a. Calculate the highest common divisor of o and 98.
14
Let p be (-21)/2*((-56)/12 + 0). Let a = -5 + 12. Calculate the highest common factor of p and a.
7
Suppose 0*t = 3*t - 255. Let x be (9/(-18)*17)/((-1)/4). What is the greatest common divisor of t and x?
17
Let j be (-5)/((-25)/38)*(4 + 1). Let t = 110 + -15. Calculate the greatest common factor of t and j.
19
Suppose 0 = -5*y + 2 + 3. What is the greatest common factor of 3 and y?
1
Let c(y) be the first derivative of -5*y**2 + 4 - 8*y - 1/4*y**4 + 10/3*y**3. Let f be c(8). What is the highest common factor of 8 and f?
8
Let s be 2*5*(-24)/(-15). What is the greatest common factor of 4 and s?
4
Let q(v) = 2*v**2 - v - 1. Let u be q(3). Let t be -2 - (-3 - -2)*-1. Let h be -1 - (324/3)/t. What is the highest common divisor of u and h?
7
Let i = 4 - -16. Calculate the greatest common factor of i and 20.
20
Let p(i) = 166*i - 2. Let z be p(2). Let h(a) = 32*a**2 - 2*a - 1. Let u be h(-1). Calculate the greatest common divisor of z and u.
33
Suppose 15 = 6*m - m. Suppose -m*o - 392 = -3*f + 163, 2*f - 4*o = 362. What is the highest common factor of 21 and f?
21
Let j(l) = -4*l - 8. Let g be j(-3). Let h(a) = 3*a + 1. Let m be h(1). Calculate the highest common divisor of g and m.
4
Let n(t) = -4*t**3 + 3*t. Let f be n(-3). Suppose 0*d - 3*d - 36 = -4*y, -2*y - d = -18. Calculate the highest common factor of f and y.
9
Let j be 8/56 - (-586)/14. What is the greatest common divisor of j and 14?
14
Let c(x) = x**2 - 8*x - 4. Let h be c(9). Suppose -h*a = -4*f - a, -f - 4 = -5*a. What is the highest common factor of 5 and f?
1
Let b(a) = -13*a**2 + 3*a + 4. Let g be b(3). Let h be (-4)/(-18) - g/18. Let n be (-59)/(-3) + 2/h. What is the greatest common factor of n and 60?
20
Suppose 5*z + 2*b - 40 = 0, 5*z = -2*b + 5*b + 40. What is the greatest common divisor of 20 and z?
4
Let b = 28 - 14. What is the highest common factor of 7 and b?
7
Let f(j) = 2*j - 6. Let h be f(5). Calculate the highest common divisor of 2 and h.
2
Suppose -25 = -4*c - c. Suppose -c*t + 75 = -0*t. Suppose -i - 13 = -2*b, 3*b + 6*i = 3*i + t. What is the highest common divisor of 66 and b?
6
Let g(o) = 3*o + 57. Let q be g(-20). Let v be -1 - -2 - 0/2. Let k be 18/3 + q + v. Calculate the greatest common factor of 1 and k.
1
Suppose 6*x - x - 4*v - 3 = 0, 2*v = x + 3. Suppose 0 = g - 3*s + 4, g + 4*g = x*s + 16. Let r = 34 - -6. What is the highest common divisor of r and g?
5
Let d(y) be the second derivative of 4*y**3/3 - y**2/2 + 3*y. Let a = -6 + 8. Let n be d(a). What is the greatest common divisor of 6 and n?
3
Let p(m) = -m - 1. Let y be p(-1). Suppose -q - 7 + 0 = y. Let k = 33 + q. Calculate the highest common factor of k and 13.
13
Let y = -3 + 3. Let r be (60 - (-3 - y)) + 0. Suppose 0 = -2*d + 5*m + r, -5*d = -6*m + 3*m - 167. What is the greatest common divisor o